{"id":111,"date":"2026-05-07T11:27:35","date_gmt":"2026-05-07T04:27:35","guid":{"rendered":"https:\/\/thanhdat.myhazo.net\/?page_id=111"},"modified":"2026-05-08T08:55:36","modified_gmt":"2026-05-08T01:55:36","slug":"gioi-thieu","status":"publish","type":"page","link":"https:\/\/thanhdat.myhazo.net\/?page_id=111","title":{"rendered":"Gi\u1edbi thi\u1ec7u"},"content":{"rendered":"\n\n\n<h1 class=\"wp-block-heading\"><strong>ezbook.vn \u2013 S\u00e0n giao d\u1ecbch&nbsp;thu\u00ea xe online k\u1ebft n\u1ed1i: nh\u00e0 xe \u2013 ch\u1ee7 xe \u2013 t\u00e0i x\u1ebf \u2013 kh\u00e1ch h\u00e0ng<\/strong><\/h1>\n\n\n\n<p>D\u1ef1a tr\u00ean n\u1ec1n t\u1ea3ng b\u00e1nh xe c\u00f4ng ngh\u1ec7 th\u00f4ng tin hi\u1ec7n \u0111\u1ea1i v\u00e0 m\u1ea1ng l\u01b0\u1edbi k\u1ebft n\u1ed1i, \u0111\u1eb7t gi\u00e1 nhanh nh\u1ea1y gi\u1eefa nh\u00e0 xe, ch\u1ee7 xe, t\u00e0i x\u1ebf t\u1ea1i c\u00e1c th\u00e0nh ph\u1ed1 l\u1edbn, kh\u00e1ch h\u00e0ng d\u1ec5 d\u00e0ng t\u00ecm \u0111\u01b0\u1ee3c chi\u1ebfc xe ph\u00f9 h\u1ee3p l\u1ed9 tr\u00ecnh v\u1edbi gi\u00e1 th\u1ea5p nh\u1ea5t th\u1ecb tr\u01b0\u1eddng v\u00e0o th\u1eddi \u0111i\u1ec3m \u0111\u00f3.<\/p>\n\n\n\n<p>T\u00e0i x\u1ebf, ch\u1ee7 xe, nh\u00e0 xe d\u1ec5 d\u00e0ng \u0111\u0103ng k\u00fd l\u1ed9 tr\u00ecnh \u0111\u01b0a \u0111\u00f3n kh\u00e1ch v\u00e0 theo d\u00f5i m\u1ee9c gi\u00e1 trung b\u00ecnh \u0111\u1ec3 ch\u00e0o gi\u00e1 t\u1ed1t nh\u1ea5t tr\u00ean s\u00e0n giao d\u1ecbch.<\/p>\n\n\n\n<p>M\u1ee9c gi\u00e1, h\u00ecnh \u1ea3nh xe, th\u00f4ng tin t\u00e0i x\u1ebf, gi\u1edd \u0111\u01b0a \u0111\u00f3n, thanh to\u00e1n t\u1ef1 \u0111\u1ed9ng\u2026 m\u1ecdi th\u00f4ng tin \u0111\u1ec1u s\u1eb5n s\u00e0ng v\u00e0 d\u1ec5 d\u00e0ng t\u00ecm th\u1ea5y. V\u00ec v\u1eady ch\u00fang t\u00f4i l\u00e0 i Z\u00ec ezbook.vn.<\/p>\n\n\n\n<figure class=\"wp-block-image size-large\"><img decoding=\"async\" src=\"https:\/\/thuexe.mauthemevn.com\/wp-content\/uploads\/2021\/03\/cn-xe-copy-768x398.jpg\" alt=\"\"\/><\/figure>\n\n\n\n<p><strong>Kh\u00e1ch h\u00e0ng \u201cph\u1ea3i l\u00f2ng\u201d i Z\u00ec ezbook.vn v\u00ec nh\u1eefng \u0111i\u1ec1u n\u00e0y<\/strong><\/p>\n\n\n\n<ul class=\"wp-block-list\">\n<li>Xe m\u1ed9t chi\u1ec1u gi\u00e1 r\u1ebb t\u1eeb 40-70% so v\u1edbi d\u1ecbch v\u1ee5 b\u00ean ngo\u00e0i v\u00ec t\u00e0i x\u1ebf c\u00f3 xe tr\u1ed1ng 1 chi\u1ec1u \u0111\u00f3n kh\u00e1ch tr\u00ean tuy\u1ebfn \u0111\u01b0\u1eddng \u0111i qua.<\/li>\n\n\n\n<li>Xe h\u1ee3p \u0111\u1ed3ng\u00a0bao c\u1ea3 xe v\u00e0 t\u00e0i x\u1ebf gi\u00e1 tr\u1ecdn g\u00f3i, ti\u1ebft ki\u1ec7m.<\/li>\n\n\n\n<li>Xe t\u1ef1 l\u00e1i v\u1edbi th\u1ee7 t\u1ee5c \u0111\u01a1n gi\u1ea3n, ch\u1ec9 c\u1ea7n \u0111\u1ed5 x\u0103ng, tr\u1ea3 ph\u00ed c\u1ea7u \u0111\u01b0\u1eddng.<\/li>\n\n\n\n<li>Xe hoa ng\u00e0y c\u01b0\u1edbi t\u1eeb h\u1ea1ng th\u01b0\u1eddng \u0111\u1ebfn sang tr\u1ecdng cao c\u1ea5p.<\/li>\n<\/ul>\n\n\n\n<h2 class=\"wp-block-heading\"><strong>\u0110i ch\u01a1i xa Gia \u0111\u00ecnh hay Nh\u00f3m b\u1ea1n \u0111\u1eebng qu\u00ean \u0111\u1eb7t xe, s\u0103n chuy\u1ebfn t\u1ea1i ezbook.vn.<\/strong><\/h2>\n\n\n\n<h2 class=\"wp-block-heading\"><strong>Xe sang, gi\u00e1 r\u1ebb, \u0111\u01b0a \u0111\u00f3n t\u1eadn n\u01a1i, ph\u01a1i ph\u1edbi \u0111i ch\u01a1i c\u00f9ng ezbook.vn.<\/strong><\/h2>\n\n\n\n<h1 class=\"wp-block-heading\"><strong>\u0110\u1ed9i ng\u0169 i Z\u00ec ezbook.vn \u0111\u1ebfn t\u1eeb \u0111\u00e2u?<\/strong><\/h1>\n\n\n\n<p>Ch\u00fang t\u00f4i \u0111\u1ec1u l\u00e0 ng\u01b0\u1eddi Vi\u1ec7t Nam. V\u00e0 ezbook.vn t\u1eadp h\u1ee3p nh\u00f3m nh\u1eefng nh\u00e0 s\u00e1ng l\u1eadp gi\u00e0u kinh nghi\u1ec7m \u1edf nhi\u1ec1u l\u0129nh v\u1ef1c kh\u00e1ch nhau. H\u1ecd l\u00e0 nh\u1eefng con ng\u01b0\u1eddi n\u0103ng \u0111\u1ed9ng th\u1ebf h\u1ec7 8X, 9X \u01b0a x\u00ea d\u1ecbch, kh\u00e1m ph\u00e1 th\u1ebf gi\u1edbi \u0111\u00f3 \u0111\u00e2y tr\u00ean nh\u1eefng ng\u01b0\u1eddi b\u1ea1n 4 b\u00e1nh. \u0110\u1ed9i ng\u0169 l\u00e3nh \u0111\u1ea1o v\u00e0 nh\u00e2n vi\u00ean \u0111\u00e3 t\u1eebng l\u00e0m vi\u1ec7c \u1edf nhi\u1ec1u c\u00f4ng ty \u0111a qu\u1ed1c gia, c\u00f4ng ty nh\u00e0 n\u01b0\u1edbc v\u00e0 t\u1eadp \u0111o\u00e0n t\u01b0 nh\u00e2n c\u1ee7a Vi\u1ec7t Nam. V\u00ec v\u1eady, \u0111\u1ee9a con i Z\u00ec ezbook.vn l\u00e0 t\u00e2m huy\u1ebft h\u1ed9i t\u1ee5 v\u00e0 pha tr\u1ed9n c\u1ee7a ki\u1ec3u d\u1ecbch v\u1ee5 hi\u1ec7n \u0111\u1ea1i, to\u00e0n c\u1ea7u \u0111\u01b0\u1ee3c thi\u1ebft k\u1ebf ri\u00eang bi\u1ec7t v\u00e0 ph\u00f9 h\u1ee3p v\u1edbi kh\u00e1ch h\u00e0ng t\u1ea1i Vi\u1ec7t Nam. i Z\u00ec ezbook.vn mong mu\u1ed1n mang l\u1ea1i l\u1ee3i \u00edch cao nh\u1ea5t, ti\u1ec7n l\u1ee3i, d\u1ec5 d\u00e0ng nh\u1ea5t cho ng\u01b0\u1eddi tham gia giao th\u00f4ng.<\/p>\n\n\n\n<p><strong>C\u00f4ng ty TNHH EZBOOK Vi\u1ec7t Nam<\/strong> <a href=\"http:\/\/thuexe.maugiaodien.com\/wp-content\/uploads\/2021\/03\/cn-xe-copy.jpg\"><\/a><\/p>\n","protected":false},"excerpt":{"rendered":"<p>ezbook.vn \u2013 S\u00e0n giao d\u1ecbch&nbsp;thu\u00ea xe online k\u1ebft n\u1ed1i: nh\u00e0 xe \u2013 ch\u1ee7 xe \u2013 t\u00e0i x\u1ebf \u2013 kh\u00e1ch h\u00e0ng D\u1ef1a tr\u00ean n\u1ec1n t\u1ea3ng b\u00e1nh xe c\u00f4ng ngh\u1ec7 th\u00f4ng tin hi\u1ec7n \u0111\u1ea1i v\u00e0 m\u1ea1ng l\u01b0\u1edbi k\u1ebft n\u1ed1i, \u0111\u1eb7t gi\u00e1 nhanh nh\u1ea1y gi\u1eefa nh\u00e0 xe, ch\u1ee7 xe, t\u00e0i x\u1ebf t\u1ea1i c\u00e1c th\u00e0nh ph\u1ed1 l\u1edbn, kh\u00e1ch h\u00e0ng&#8230;<\/p>\n","protected":false},"author":1,"featured_media":0,"parent":0,"menu_order":0,"comment_status":"closed","ping_status":"closed","template":"","meta":{"_acf_changed":false,"footnotes":""},"class_list":["post-111","page","type-page","status-publish","hentry"],"acf":[],"_links":{"self":[{"href":"https:\/\/thanhdat.myhazo.net\/index.php?rest_route=\/wp\/v2\/pages\/111","targetHints":{"allow":["GET"]}}],"collection":[{"href":"https:\/\/thanhdat.myhazo.net\/index.php?rest_route=\/wp\/v2\/pages"}],"about":[{"href":"https:\/\/thanhdat.myhazo.net\/index.php?rest_route=\/wp\/v2\/types\/page"}],"author":[{"embeddable":true,"href":"https:\/\/thanhdat.myhazo.net\/index.php?rest_route=\/wp\/v2\/users\/1"}],"replies":[{"embeddable":true,"href":"https:\/\/thanhdat.myhazo.net\/index.php?rest_route=%2Fwp%2Fv2%2Fcomments&post=111"}],"version-history":[{"count":3,"href":"https:\/\/thanhdat.myhazo.net\/index.php?rest_route=\/wp\/v2\/pages\/111\/revisions"}],"predecessor-version":[{"id":192,"href":"https:\/\/thanhdat.myhazo.net\/index.php?rest_route=\/wp\/v2\/pages\/111\/revisions\/192"}],"wp:attachment":[{"href":"https:\/\/thanhdat.myhazo.net\/index.php?rest_route=%2Fwp%2Fv2%2Fmedia&parent=111"}],"curies":[{"name":"wp","href":"https:\/\/api.w.org\/{rel}","templated":true}]}}